uppose 2*w + t + 537 = -2*t, -5*t = -5*w - 1355. Let o be (0 - 1)*6/(-9)*w. What is the tens digit of ((-6)/(-5))/((-3)/o)?
7
Let b be -1*((-6)/2 + 4/(-4)). Let q(i) = -8*i**2 + 3*i + b*i**2 - 14 + 0*i**2 + 5*i**2. What is the units digit of q(-12)?
4
Let k(g) = 5*g**2 - 2*g - 9. Let b(x) = -x**3 + x - 6. Let v be b(0). Let r be k(v). Suppose -2*c + r = y, -6*y + 2*y = -20. What is the tens digit of c?
8
Suppose -11098 = -2*y + 2*f, 22201 = -3*y + 7*y + f. Suppose 24*w - 4122 = y. What is the units digit of w?
3
Let d(v) be the first derivative of -7*v**6/60 - v**3/2 + 8*v**2 + 30. Let i(s) be the second derivative of d(s). What is the units digit of i(-2)?
9
Suppose 11 = m - 7. Let x(p) = 44*p + 47. Let q be x(-1). Suppose -4*n + m = 2, -4*n - 245 = -q*h. What is the tens digit of h?
8
Suppose 4*b + 30 = 114. What is the tens digit of 346 + (b + -6)/3?
5
Suppose 7*z = 9*z + 18596. Let y be (z/(-12))/1 + (-2)/(-12). Suppose 0 = -4*k + 5*w + y, -2*w + 285 = 3*k - 279. What is the tens digit of k?
9
Let a = 11 - -40. Let f = a - 51. Suppose f = 2*g + w - 241, 3*g + 0*w - 360 = -w. What is the units digit of g?
9
Suppose 51*k + 5434 = 47*k + 39870. What is the thousands digit of k?
8
What is the hundreds digit of 13677*10/45 + (-4)/(-6)?
0
Suppose -16 - 12 = -4*i. Let u(z) = 2*z - 36 + 73 + i*z. What is the units digit of u(5)?
2
Suppose 0 = -6*u + 50 + 142. What is the units digit of 216/u - 2/(-8)?
7
Let r be 1/(-2)*(-5)/(-10)*0. Suppose 3*v - 179 + 59 = r. Let y = 62 - v. What is the units digit of y?
2
Let q(g) = 0*g**2 + 6*g**2 + 48 - 3*g**2 + 3*g. What is the hundreds digit of q(-8)?
2
Suppose -3*t - 2*t = -4*k - 6096, t + k - 1212 = 0. Suppose -4*g = -3*x - t + 298, -2*g + 464 = -4*x. What is the hundreds digit of g?
2
Let d be (-1)/6*3 - (-7)/(-14). What is the hundreds digit of d + (-4 - -369) - -3?
3
Let q = -874 - -1646. Suppose 2*n = 5*i - 1328, 6*i - 3*i = -5*n + q. What is the tens digit of i?
6
Suppose -10*k = -9638 - 78962. What is the hundreds digit of k?
8
What is the thousands digit of (204/(-85))/((-8)/16260)?
4
Suppose 74 = 28*p - 94. Suppose -7*w + 303 = -p*w. What is the units digit of w?
3
What is the hundreds digit of (20 + -4)/(((-28)/1614)/(-14))?
9
Let c(q) = q**3 - 15*q**2 - 14*q - 29. Suppose 7*p - 64 = 3*p. Let n be c(p). Suppose -z - 5*o + 24 = -24, o - 74 = -n*z. What is the units digit of z?
3
Suppose -58161 - 183981 = -18*u + 43788. What is the tens digit of u?
8
Let t = -334 + 117. Suppose 0 = -6*r + 147 - 1053. Let v = r - t. What is the tens digit of v?
6
Let q(c) = 7*c**3 + 28*c**2 + 43*c - 149. Let p(k) = -10*k**3 - 42*k**2 - 64*k + 224. Let v(i) = 5*p(i) + 7*q(i). What is the units digit of v(-15)?
7
Let w = -272 - -276. Suppose j - c = 171 + 158, j = -w*c + 324. What is the hundreds digit of j?
3
Let u = -9110 - -18284. What is the units digit of u?
4
Suppose 3*r + 2*y = 7184, 19*r - 24*r - y = -11985. What is the hundreds digit of r?
3
Suppose 0 = -4*d - 1389 - 1691. What is the thousands digit of -265*(d/25)/7?
1
What is the ten thousands digit of (1 - 5) + 12 - (12 + -25485 + -2)?
2
Let l(n) = 6*n**2 - 294*n + 34. Let h(i) = 2*i**2 - 92*i + 11. Let x(b) = 16*h(b) - 5*l(b). Let v = -4 - -8. What is the units digit of x(v)?
0
Let c(k) = -6*k**3 + k**2 + 242*k + 2379. What is the hundreds digit of c(-11)?
8
Let z(c) = 19 + 22*c**2 - 133*c**3 + 12*c + 3*c + 134*c**3. What is the tens digit of z(-20)?
1
Suppose 38*o = -65931 + 146452 + 109327. What is the tens digit of o?
9
What is the hundreds digit of (77648/32)/((-8)/(-32))?
7
Suppose 246 = -l + 7*l. Suppose -2*a = -5*i - 27 - l, a - 33 = 2*i. What is the units digit of a?
9
Let g(j) = 3933*j**2 - 542*j + 1. What is the hundreds digit of g(-3)?
0
Suppose -4128 - 46223 = -11*x - 1984. What is the hundreds digit of x?
3
Let i be 5610*(60/(-8))/(-15). Suppose 2*k + 826 = g - 101, -3*g - 2*k = -i. What is the tens digit of g?
3
Let a(g) = -41*g - 21. Suppose 0*o = -o + 4*h + 1, 2*o = h - 5. Let r(x) = -x - 1. Let s(u) = o*r(u) + a(u). What is the tens digit of s(-6)?
1
Suppose -4 = 6*z - 4. Suppose -8*s + s + 441 = z. What is the tens digit of s?
6
Let r(y) = 16*y - 45*y - 42 + 10*y + 14*y. Let q be r(-12). Let p = 104 - q. What is the units digit of p?
6
Let m(o) = -o**2 + 21*o - 18. Let h be m(20). Suppose -4*d + 874 = -h*a - 2332, -5*d + 4009 = -3*a. What is the tens digit of d?
0
Suppose -12*u - 25*u = 53*u - 306000. What is the tens digit of u?
0
Suppose 0 = 2*x - 5*d - 14052, 5*d = -4*x + x + 21078. What is the units digit of x?
6
Suppose 20*j - 33 = 7. Let v = 328 - j. What is the units digit of v?
6
Suppose -2*s + 114 + 358 = 0. Let d be s/4 + (-2)/2 + -1. What is the tens digit of ((-11)/3)/(1 + d/(-54))?
6
Let d(u) = 44*u**2 - 8*u + 10. Let j(i) = 90*i**2 - 14*i + 20. Let o(c) = -5*d(c) + 3*j(c). What is the units digit of o(3)?
4
Suppose 22369 = 15*j + 8764. Let u = -210 + j. What is the hundreds digit of u?
6
Let d be (10/(-8))/((-1835)/333236). Suppose 2*b = -0*b - l - 36, -2*b = -l + 44. Let k = d - b. What is the tens digit of k?
4
Let b(i) = -4*i - 89. Let t be b(-23). Suppose f - 4 = 0, -2042 = -t*m - 10*f + 14*f. What is the hundreds digit of m?
6
Let x(o) = -6*o**3 - 4*o**2 + o - 15. Let p be x(-4). Let f = p + 174. What is the tens digit of f?
7
Suppose -35*b + 16605 = -30*b. Suppose -7*h + b = -158. What is the tens digit of h?
9
Let t(n) = 65*n**2 - 53*n - 1192. What is the units digit of t(-15)?
8
Let w be ((-13)/52)/(2/(-328)). Suppose -d = 39 - w. Suppose 10*g - 160 = d*g. What is the tens digit of g?
2
Let l(c) = 2*c - c + 3 + 24 + c. Let w be l(-11). What is the tens digit of w*9/(45/10)?
1
Suppose -3900 = -3*u + 140*g - 138*g, -g = 4*u - 5178. What is the units digit of u?
6
Let c be 36 - ((-4)/(-1))/(-1). Let y be ((-4)/3)/((c/15)/8). Let s(r) = -30*r - 13. What is the tens digit of s(y)?
0
Suppose 5*q + 5 = 0, -13*q + 14*q - 19 = -5*z. Suppose 2*b - z*y - 198 = -b, 4*b - 251 = y. What is the units digit of b?
2
Let u be 130/(-6)*(3 - (-3 + 3)). Let l = -58 - u. Suppose l*s - 13 = 6*s. What is the tens digit of s?
1
Suppose 4*b = -x + 20, 0*x - 34 = -5*b + x. What is the units digit of (-2)/(-1) - (b + -2)*-233?
4
Let u(i) = i**3 + 11*i**2 + 10*i + 2. Let s be u(-5). What is the units digit of 10/(60/s)*1*62?
4
Suppose -434324 - 953212 = -54*j - 494160. What is the units digit of j?
4
Let q(k) = 9*k**3 - 6*k**2 + 103*k - 859. What is the tens digit of q(9)?
4
Let t(c) = c**2 - 4*c + 2. Suppose 14 = 6*h + 8. Let u be t(h). What is the units digit of (-6*413/(-7))/(u - -3)?
7
Let k(y) be the first derivative of y**3/3 + y**2/2 + 362*y + 30. What is the tens digit of k(0)?
6
Let a(d) = -2*d**2 + 70*d + 97. Let l be a(36). What is the units digit of (l - 32)/((-1)/278)?
6
Let h = 87 - 130. Let p = 303 + h. What is the units digit of p?
0
Let c(h) = 7*h**2 + 32*h - 686. What is the tens digit of c(-73)?
8
Let j = 45908 - 22185. What is the tens digit of j?
2
Suppose 2*u - 126 = -3*a + u, -u = 4*a - 167. Suppose -735 - a = -2*g. What is the tens digit of g?
8
Let d = 11 + -8. Suppose p + d*p = 16. Suppose o - p*z + 103 = 4*o, 5*z = 4*o - 189. What is the units digit of o?
1
Suppose 22*j + 31899 = -4093. Let b = j - -2327. What is the units digit of b?
1
Let h(o) = -2*o**3 + 7*o**2 + 4*o + 7. Let i be h(4). Let w(z) = 8*z - 13 + 26 + 0*z + i*z**2. What is the units digit of w(-4)?
3
Suppose 0 = -3*y - 356 + 41. Let i be 18/4*7/(y/(-10)). Suppose 2*r + 0*r - 76 = -5*s, i*s = -6. What is the tens digit of r?
4
Let b(r) = 1 + 17*r - 8*r + 8. Suppose 5 = -5*g + 30. What is the units digit of b(g)?
4
Let o(p) = 16*p - 14*p - 37 - 62 + 13*p + 17*p. What is the hundreds digit of o(39)?
1
Let o be 1/(3*(-3)/423). Let a = -42 - o. Suppose 5*g + a*y = g + 61, -88 = -4*g + 4*y. What is the tens digit of g?
1
Let c = 9704 + -7967. What is the thousands digit of c?
1
Suppose -7 = n - 10. Suppose h + 5562 = n*u, -4*h - 709 + 8125 = 4*u. What is the units digit of u?
4
Suppose 4*r - 1 = 4*s + 23, -s = -2*r + 11. What is the units digit of 4/20 + s + (-5068)/(-35)?
4
Suppose -4*o + 2738700 = 48*o - o. What is the units digit of o?
0
Suppose 21666 = 4*q + 628*o - 631*o, 4*o + 21668 = 4*q. What is the tens digit of q?
1
Let y = 223896 + -147668. Wha